Suppose -m - 6831 = -4*a. Is a a composite number?
False
Let x(z) = -6*z**2 + 105*z - 22. Let q be x(25). Let j(l) = -734*l. Let o be j(-3). Let m = o + q. Is m a prime number?
False
Let h = 42 + -42. Suppose -4*q + c + 3088 = 5*c, -4*q - 3*c + 3085 = h. Is q composite?
False
Suppose 182 = -17*o - 124. Let j(q) = -99*q + 57. Is j(o) prime?
False
Suppose -433*j + 439*j - 62946 = 0. Is (2 - -3) + j + -15 composite?
True
Suppose 173*i + 248*i = 93*i + 482821576. Is i a composite number?
False
Suppose -139 - 117 = -16*m. Is (-25)/(-20) + 91772/m composite?
False
Suppose -5*w - 2*a + 54232 = -5*a, 4*a = -w + 10851. Is w composite?
False
Suppose -236383 = -2*t + g + 568447, 5*g - 1609716 = -4*t. Is t a composite number?
False
Suppose k - 4*j + 529 - 8556 = 0, 40243 = 5*k - 2*j. Is k a composite number?
True
Suppose -123*p + 124*p + y - 271437 = 0, 0 = -p - 4*y + 271461. Is p a composite number?
False
Let r be ((-2)/(-6))/(5/30). Let x(z) = 80*z**2 + 4*z + 5*z + 62*z**2 - 5. Is x(r) a prime number?
False
Is 17828870/7 - 699/1631 composite?
True
Suppose 4*f = -5*q - 294, 3*f + 126 = q - 85. Let n = f - -76. Suppose -2*j + n*g = -1176, 4*j - g - 1751 = j. Is j a prime number?
False
Let w(f) = 7045*f + 11906. Is w(29) composite?
False
Let k(x) = 23*x - 218. Let u be k(10). Suppose 15*w - 13929 = u*w. Is w prime?
True
Let l(h) = 23*h + 29. Suppose 3*s = t + 8, 0 = -3*s - t - t + 11. Suppose -s*g + 12 = -g. Is l(g) a composite number?
False
Suppose 545660 = -33*p + 1452278 + 2367741. Is p prime?
True
Let s be 15/45*24/(-2). Let c be (3/s)/(8/(-103200)). Suppose -14*q = -c + 1653. Is q a prime number?
False
Suppose 18 = 2*q + 5*k, -2*q - 14 + 0 = -3*k. Is (((-12435)/(-60))/q)/(2/(-8)) prime?
True
Let q(m) = -2*m**2 - 15*m - 1. Let f be q(-7). Let n(d) = -f*d - 56*d - 36 - 43 + 66. Is n(-16) a composite number?
True
Let t(x) = 26*x**2 - 3*x - 2. Let p = 21 + -17. Let h be ((-26)/(-13))/((p/(-3))/(-2)). Is t(h) a prime number?
True
Let v(p) = 3*p**3 + 206*p**2 + 47*p - 277. Is v(-66) a prime number?
True
Let h = 1619 + 65528. Is h a composite number?
True
Suppose 0*z - 2*z + 4*m = 28, 5*z + 30 = 2*m. Let l be (-378)/(-78) + z/(-26). Suppose 0*t + 1675 = l*t. Is t prime?
False
Let b = 89 + -94. Let u = -11 - b. Is (u - -10)*2/(16/166) a prime number?
True
Let z(w) = -58*w**2 - 19 + 110*w**2 - 44*w**2. Suppose -a + 18 = -4*a. Is z(a) prime?
True
Let a = -1050 + 1520. Suppose -26 = -472*f + a*f. Is f a composite number?
False
Suppose d + 8 = 3*d + 5*j, -j - 16 = -4*d. Suppose d*o - 35873 = -4*l + l, -35875 = -3*l - 2*o. Is l composite?
False
Let l = -170035 - -810138. Is l prime?
False
Let v be (-13)/9 - 84/(-189). Let m(u) = u**3 - u**2 - 2*u - 4. Let f be m(4). Let l = f + v. Is l prime?
False
Suppose 5*l + 3*h = 855415 - 101132, -5*h = 20. Is l prime?
False
Let j = 10 - 5. Let l be (3*10/12)/((-30)/(-40056)). Suppose -l = -j*b - 1153. Is b a prime number?
False
Let g(d) = -12*d**3 - 3*d**2 + 11*d - 3. Let v be (25 - 23)*(0 + (-15)/6). Is g(v) composite?
False
Let x be 2*1*10/(-4). Let c(q) = -1733*q**2 + 1729*q**2 - 8*q**3 - 1 + 5 - 12*q + 9*q. Is c(x) a composite number?
False
Suppose 37*x = -14*x + 100317. Is x a prime number?
False
Let r(o) = 409*o + 21. Let x be r(-11). Let w = x + 8275. Is w a prime number?
True
Let x(w) = -w**3 + 8*w**2 - 7*w. Let d be x(7). Suppose 7*m + 21 - 49 = d. Suppose l - m*r - 240 = -3*l, 160 = 3*l + r. Is l composite?
True
Suppose 2*r + m = 1, 1 = 77*r - 80*r - 2*m. Let f(w) = -7 + 85*w - 57*w + 74*w. Is f(r) prime?
False
Suppose -b - 77 = -78, -5*t = 5*b - 696990. Is t a prime number?
True
Let x = 81 - 54. Suppose 15 = -x*l + 30*l. Suppose 26495 = l*t + 5830. Is t a prime number?
True
Suppose -182*k = -190*k + 932056. Is k prime?
True
Suppose 0 = 11*j - 6725 + 51946. Let n = -2490 - j. Is n composite?
False
Let f = 971 - -479. Let j = f + 4305. Is j prime?
False
Suppose 4481 = -n + 2*d, 1883 = -4*n + d - 16048. Let q = n - -9266. Is q composite?
False
Let c = 74 - 77. Let j be ((-3)/c - 0)/((-1)/(-8147)). Is 6/(-27) - (-2 + j/(-9)) composite?
False
Let q be 1020/(-75) - 2/5. Is ((-4)/q)/(74/819217) prime?
True
Suppose 2*w = -t + 3, 0 = -15*t + 17*t - 3*w - 27. Let c(i) = -i**2 - 1. Let x(o) = -5*o**2 - 8*o + 14. Let v(q) = 2*c(q) - x(q). Is v(t) a prime number?
False
Let h(j) = -182*j**3 - 6*j**2 + 52*j + 39. Is h(-13) prime?
False
Is ((-1145948)/(-2))/(30 + (-58 - -30)) composite?
False
Let i = -310 + 310. Suppose i = -q - 4*q + 19155. Is q a composite number?
True
Let z be (-1 + (4 - 1) - 3) + -3. Let g = z + -8. Is (2 - (-4610)/(-4))*8/g prime?
False
Let d(j) be the second derivative of -275*j**3/2 + j**2 + 149*j. Is d(-12) a composite number?
True
Suppose -3*a + 163381 = j - 743051, -5*a + j = -1510712. Is a a composite number?
False
Let p be (63/(-12))/(40/(-160)). Suppose 354389 = -14*i + p*i. Is i composite?
False
Let m(g) = 4158*g**2 + 104*g - 371. Is m(5) a prime number?
False
Let l(j) = -16*j**2 - j + 1. Let k be l(-1). Let b be (7/k*6)/(6/(-38)). Suppose -17*f - 4306 = -b*f. Is f composite?
False
Suppose -3*f = z - 6, 3*f + f + 5 = 3*z. Suppose 5*v + 8491 = -0*d + z*d, 11327 = 4*d - v. Let y = d + -1235. Is y a prime number?
True
Suppose 71 = -4*v - 9. Let c = v + 22. Suppose -c*i = 2*i - 764. Is i a prime number?
True
Let q be (-136)/(-4)*(0 - (4 + -6)). Suppose -q*m = -69*m + 6163. Is m prime?
True
Suppose -72 - 134 = -2*v + 2*h, 2*h = -5*v + 487. Suppose v = 8*r - 101. Is r composite?
True
Suppose 0 = -42*l - 52*l + 22256474. Is l prime?
True
Let m be (2 + -2)*4*(-3)/24. Let l(t) = 11*t + 581. Is l(m) a composite number?
True
Let b(k) = -k**3 + 15*k**2 - 3*k - 1. Let x = -136 + 146. Is b(x) a prime number?
False
Let m be ((-1)/4*3)/(36/(-96)). Suppose -3*z = m*l - 70423, -3*z + 23479 = -2*z + 3*l. Is z a prime number?
True
Is (-45)/(-5 - 0) - (-4698672)/24 a prime number?
True
Suppose 0 = -3*j, 0 = 5*b - 21*j + 16*j + 1225. Let g(l) = -71*l + 2. Let s be g(-6). Let m = s - b. Is m a composite number?
False
Suppose g + 12637 = 31364. Is g composite?
True
Let h(x) = 6*x**2 + 51*x + 29. Let s(a) = a**2 + 24*a + 158. Let o be s(-8). Is h(o) a prime number?
True
Suppose -5*j - a = -6102, 5*a = -3*j - 2*j + 6110. Suppose -375 = -2*u - 1649. Let l = j + u. Is l prime?
False
Let p = 32121 + 8350. Suppose -11*q + p = -14122. Is q prime?
False
Let m = 703352 + -85773. Is m composite?
False
Let d(v) = 2*v**2 - 3*v - 8. Let q be d(12). Let k be 3/1 + q/8*-8. Let j = k - -458. Is j composite?
True
Is 2*(44452/36)/((-52)/9 + 6) a composite number?
False
Is (1/(-4) + (-204)/272)/(5/(-561635)) composite?
False
Let q(i) = 3 + 3 + 32*i - 5 - 2. Let a(h) = 65*h - 2. Let m(l) = 2*a(l) - 5*q(l). Is m(-7) a composite number?
False
Let o = 1498 + -1036. Suppose -5*a = -2*a - o. Suppose -6*u = u - a. Is u composite?
True
Let o(p) = -p**2 - 10*p - 4. Let b(j) = 7*j + 33. Let n be b(-6). Let h be o(n). Suppose -1478 = h*d - 7*d. Is d a prime number?
True
Suppose 4*q - r - 2184 = 4*r, -4*q + r + 2200 = 0. Let x = -1493 - -2337. Let v = x - q. Is v a prime number?
True
Let w(g) = 2224*g**2 - 2204*g + 1. Is w(9) composite?
False
Let q(g) = -157*g**3 + 15*g**2 + 68*g + 433. Is q(-15) a prime number?
True
Suppose 5*l - n - 3291 = 2839, 3*l = -5*n + 3706. Is (-6 + -2)/((-6)/l) + 1 prime?
True
Let v(a) = 14*a + 6. Let l be v(0). Suppose 5*g + 4*i - 11 = 0, -5*i - 6 = -1. Suppose -g*y = f - 226, l*f + 202 = 3*y + f. Is y a prime number?
False
Suppose -5*n = o - 702608, 3*n - 212473 = 4*o + 209078. Is n composite?
False
Let q(a) = 1471*a**2 - 21*a - 1267. Is q(-18) composite?
True
Suppose -10*u + 2721040 = 900870. Is u prime?
False
Let a(g) = 2*g**3 + g**2 - 6*g + 4. Let q(h) = -h**3 + 3*h - 2. Let v(b) = -2*a(b) - 5*q(b). Let r be v(3). Is r/(-4) + (2502/4 - 2) a composite number?
True
Suppose -3*g + 2*g = -4*y - 3, 9 = 3*g - 2*y. Suppose 0 = -g*s + 832 + 5765. Is s a prime number?
False
Let s(h) = 5807*h + 6539. Is s(42) composite?
False
Let g(y) be the first derivative of 3274*y**3/3 + 11*y**2 + 9*y - 269. Is g(-2) prime?
False
Suppose -p - 3*a = -4, 2*a = 4*p + 6*a - 24. Let s(w) = -110*w - 15. Let c(i) = 220*i + 30. Let h(b) = -6*c(b) - 13*s(b). Is h(p) composite?
True
Suppose 3*x + 6 = 6*x. Suppose -4*b = 5*f - 883, 865 = 4*b - 3*f + 